21 = k. Let q(j) = -j**3 + j + 72. Let b be q(0). What is the greatest common divisor of b and f?
24
Let r be (12 - (-29)/(435/8775))*(-53)/(-3). What is the highest common factor of 398 and r?
199
Suppose -y - 5*k + 91 = -18, -5*y + 3*k = -545. Let u = 45 + y. Let m be (-4)/(-34) - 12/(-102)*118. Calculate the highest common factor of m and u.
14
Let h be (-72)/(-18)*(-3)/((-6)/(-32)). Let w be ((-126)/24)/(4/h). Calculate the greatest common divisor of w and 24.
12
Let m = 1878 + -1858. What is the highest common factor of m and 90?
10
Let p(k) = 37*k + 426. Let r be p(-9). Calculate the highest common divisor of r and 992.
31
Let z = 2034 - 942. Suppose 5*m = -182 + z. Let h = -46 + m. Calculate the highest common factor of 17 and h.
17
Let q(x) = 77*x - 6281. Let b be q(86). What is the greatest common divisor of 42625 and b?
341
Let z = -3940 + 4080. What is the greatest common factor of 105 and z?
35
Let o = -81 + 86. Suppose -o*j + 495 = -5. What is the greatest common factor of j and 20?
20
Let g be (-3)/6*2*-2. Suppose 5*o + 4*b = g*o - 37, 0 = -4*o + 4*b - 68. Let a = 23 + o. Calculate the greatest common factor of 4 and a.
4
Suppose -2*t = 20 + 76. Let i be (-6)/14 + t/(-14). Suppose -7*j = -103 + 19. Calculate the greatest common factor of j and i.
3
Suppose 2*r - 107 - 245 = 0. Let n(v) = 6*v - 2. Suppose f - 6 = 3*a - 15, 28 = 4*a + 4*f. Let c be n(a). What is the highest common divisor of c and r?
22
Suppose 12*x + 13*x + 2*x = 5103. What is the highest common divisor of 432 and x?
27
Suppose 86*g - 81*g + 613 = 2*t, -3*t - 8*g + 904 = 0. Let o be ((-38)/4)/(1/(-2)). What is the highest common factor of t and o?
19
Let y be 8/3 - 28980/(-189). What is the highest common divisor of 468 and y?
156
Suppose 38*m - 35*m - 209 = -17. Calculate the greatest common factor of 16064 and m.
64
Suppose 3*g = -4*v + 6*g + 12, 3*v + 4*g - 9 = 0. Suppose 0 = -i + 3*y + 75, -v*y + 6*y - 330 = -4*i. What is the highest common factor of 18 and i?
9
Let j be 252/(-396)*-11 + 16/2. What is the greatest common divisor of j and 219?
3
Suppose 322*k - 103704 = 148*k + 150*k. Calculate the greatest common factor of k and 58.
29
Suppose -1455 = -4*d + 4*b - 5727, 0 = -4*d - 3*b - 4244. Let k = 1160 + d. Calculate the greatest common divisor of 2 and k.
2
Let a be (-1 + (-72)/(-48))*254/1. Calculate the greatest common divisor of a and 12319.
127
Let c = 26 - 20. Suppose 0 = -2818*d + 2819*d - 46. What is the highest common factor of c and d?
2
Let k = 6661 + -6656. What is the highest common factor of k and 2005?
5
Let y(j) = 11*j**2 - 3*j + 2. Let k be y(1). Let w be ((0/3)/(-1))/1. Suppose k*o - 450 = -w*o. Calculate the greatest common factor of o and 18.
9
Let g = 6451 + -5863. Calculate the greatest common factor of 1421 and g.
49
Let o = 5822 - 5660. Calculate the highest common divisor of 2025 and o.
81
Suppose 0 = 5*m + 20, 3*m = 3*u + u + 32. Let k(t) = 7*t + 10. Let i be k(u). Let g = i + 73. What is the greatest common factor of g and 66?
6
Let t = 131797 + -51909. What is the highest common divisor of 16 and t?
16
Let g(z) = 0 - 7*z - 10*z - 13. Let n be (144/160)/((-6)/(-10))*-2. Let i be g(n). What is the greatest common factor of i and 152?
38
Suppose -4*i - 294 = -c, 53*i - 54*i = -3*c + 882. Calculate the highest common factor of 2646 and c.
294
Suppose 27*r + 9*r - 68*r + 1408 = 0. What is the greatest common divisor of 5060 and r?
44
Suppose -j - 2 = 3*i, -2*j = -3*i - 4*j - 4. Let n be -3 - (i + 2 - 13). Suppose -5*u + n = -u. Calculate the highest common factor of u and 18.
2
Let g = 9135 - 9095. Calculate the highest common divisor of 2330 and g.
10
Suppose 358 - 64 = -7*s. Let j = s + 51. Let f = 10 + j. What is the highest common divisor of 38 and f?
19
Let v = -554 - -546. Let y be 2/(v/240*-1). What is the greatest common factor of y and 165?
15
Let s be (-6 + 12 + 16)*7. Calculate the greatest common divisor of 1463 and s.
77
Suppose 2*y + 920 = o, 0 = -39*o + 34*o + 3*y + 4565. What is the highest common factor of 2366 and o?
182
Let i(r) = r**3 + 11*r**2 + 15*r - 12. Suppose -n = 0, 3*z + 31*n = 29*n - 21. Let b be i(z). What is the highest common divisor of b and 1?
1
Let r be 4*1025/(-10)*(-3)/2. Let s = -609 + r. Calculate the greatest common divisor of s and 282.
6
Let n(p) = 7*p + 1. Suppose -3*w + 0*f + 7 = -2*f, 5*w - 13 = 4*f. Let o be n(w). Suppose z + 8 = 5*z. Calculate the highest common factor of z and o.
2
Let p be 4 + -1 + (2/2 - -1336). Suppose -n = -2*v - 332, 2*n - 5*v - p = -2*n. Suppose -9*o + n = -7*o. Calculate the greatest common factor of 68 and o.
34
Suppose 2*x - 40 - 2 = 0. Let z(a) = -265*a + 533. Let b be z(2). Calculate the greatest common factor of x and b.
3
Suppose 3*g - 2*g - 321 = r, 0 = -5*g + r + 1589. Let f = 383 - g. What is the greatest common divisor of 165 and f?
33
Suppose -13188 + 4620 = -14*x. Suppose 18*a + x = 35*a. What is the greatest common factor of 36 and a?
36
Let s(m) be the first derivative of -m**4/2 + 5*m**3/3 + m**2/2 - 5*m - 14. Let w be s(4). Let z = w + 60. What is the highest common divisor of z and 33?
11
Suppose -3*q + 338 = -553. Suppose 3*k - 198 - q = 0. Let s = 92 - 26. Calculate the greatest common divisor of s and k.
33
Suppose -1766 = z - 3*z + 2938. What is the highest common factor of 42 and z?
42
Let d(l) = l**3 + 8*l**2 - l + 21. Let z be d(-8). Suppose 0 = 8*s - z - 51. What is the greatest common divisor of s and 370?
10
Suppose -2 = 2*j - 6. Let g be 3 + (-2)/(-12)*6. Suppose -g*b = 2*c - 220, c + 0*c = -j. What is the greatest common divisor of 8 and b?
8
Let w(k) = 16 + 0*k - 4*k + 2*k. Let h(n) = -n**2 + 32*n - 140. Let u be h(5). Let p be w(u). Calculate the highest common divisor of 65 and p.
13
Let c be (-136)/22*(-64108)/248. Calculate the greatest common divisor of 646 and c.
34
Suppose 23*v = 24*v, -v = -5*k + 30. What is the highest common factor of 256 and k?
2
Let g = -586 - -715. Suppose k - g = 55. What is the greatest common divisor of k and 276?
92
Let i(c) = -50*c - 152. Let z be i(-3). Let f be 74 + (z - -2) + 16 + -10. What is the highest common divisor of 90 and f?
10
Let y(d) = -2*d**3 + 30*d**2 - 11*d - 10. Let n be y(14). Let v = -211 + n. Let w be (-1222)/(-8) + 2/8. What is the highest common divisor of v and w?
17
Let k = 374 - 374. Suppose k = -w - 3*r + 6 - 1, 4*w - 20 = -3*r. What is the highest common factor of w and 5?
5
Let d be (2/(-1))/(4/(-434)). Let s(p) = 11*p - 29. Let g be s(4). Suppose -g*i + 46 = -419. What is the greatest common factor of i and d?
31
Suppose 6121*g - 6138*g = -2805. Suppose -3*k - 2*s = -35, 1 = -5*s - 24. What is the highest common factor of g and k?
15
Let l be (-89)/(-5) + (-2)/(-10). Suppose 5*x - 4*b = 60, 2*x - 6*x + b = -48. Let s be 2*(-2)/x - (-1158)/l. What is the greatest common divisor of 8 and s?
8
Let g = 324 + -51. Suppose -3*u = -c - 257, 6*c - 3*c = -3*u + g. Calculate the greatest common divisor of u and 29.
29
Suppose 2*k + 4*t = 0, 4*k - t = -k. Suppose 17*r - 984 + 168 = k. Calculate the highest common factor of 6 and r.
6
Let q(v) be the first derivative of v**2/2 + 10*v + 29. Let a be q(7). Let c be ((-7)/4)/((-15)/1020). What is the greatest common factor of c and a?
17
Let k(o) = -8*o - 5580*o**2 + 5580*o**2 + o**3 + 5. Let x = -3 + 6. Let w be k(x). What is the greatest common divisor of w and 6?
2
Suppose -28*w = 2*q - 27*w - 27, -5*q = 2*w - 69. What is the greatest common divisor of q and 4?
1
Suppose 5*r - 2415 = -2*m, -471 = -15*r + 14*r + 2*m. Suppose 5*t = 3*j - 92, 17 = j + 3*t - 37. What is the greatest common divisor of j and r?
13
Let w be 4 - (1*-4)/(-12 + 8). Suppose -5*t = 2*x + 12, -2*x + 28 = -7*t + 2*t. Let z be x/(-8)*(1 + -3). What is the greatest common factor of z and w?
1
Let v be (-3)/(-4) - (-238)/56. Let l(p) = -2*p + 20. Let j be l(v). Suppose 0 = -2*a + j*a - 288. Calculate the greatest common factor of 4 and a.
4
Suppose 26*s = -164*s + 57760. Let k = -55 + 74. Calculate the greatest common divisor of s and k.
19
Let k = -5201 + 5960. What is the highest common factor of k and 1449?
69
Suppose -5*s = -3*a - s + 156, 0 = 4*s + 24. Let o(g) = -3*g**3 - 5*g**2 - 3*g - 1. Let w be o(-3). Calculate the highest common divisor of w and a.
4